at is the hundreds digit of t?
2
Suppose -3*v = -4*h - 7832 - 9952, 5928 = v - 4*h. What is the units digit of v?
8
Let p be 40/(-35)*(-2303)/188. Let u be (37 + 1)*6/4. Let b = p + u. What is the units digit of b?
1
Let q(n) = n**2 - 7*n + 3. Let j be q(9). Let o be (-46)/(-14) - (-3 - (-69)/j). Suppose 0 = -3*v, -z = o*z + v - 180. What is the units digit of z?
5
Suppose -136*h + 1011713 + 423742 = 143*h. What is the units digit of h?
5
Let n = 99 - 78. Suppose -56 = -2*r - 5*d + 17, -5*d = r - 29. Let z = r - n. What is the units digit of z?
3
Let n(t) = -10*t + 199. Let m be n(18). Suppose -m = f - 559. What is the units digit of f?
0
Let i = -343 - -337. Let f(g) = -4*g**3 + g**2 - 9*g - 52. What is the tens digit of f(i)?
0
Let l(d) = 98*d + 15. Suppose -4*p + 36 = 4*a, -2*p + 33 = 5*a - 0*p. What is the units digit of l(a)?
5
Suppose -318707 = -38*t - 28670 + 164215. What is the thousands digit of t?
1
Suppose 2*l + 166 = 3*j + 477, 0 = 2*l + 4. What is the hundreds digit of (-4 - 132/10)/(3/j)?
6
Suppose 0 = 5*l - z + 5*z + 6706, l + 4*z + 1338 = 0. What is the tens digit of (2 - l/6) + (-8)/(-24)?
2
Let c = 7126 - 1419. What is the tens digit of c?
0
Suppose -2*u + 0 = k + 6, 4*u + 5*k = -18. Let i(l) = 38*l**2 - 2*l - 8. What is the units digit of i(u)?
8
Let l = 27 + -26. Let i = 3 - l. Suppose i*r = 114 + 46. What is the units digit of r?
0
Let t(u) = -2*u**3 - 30*u**2 - 31*u - 27. Let j be t(-14). What is the units digit of 112/(-5)*4/((-4)/j)?
6
Let v(i) = -345*i + 1. Let p be v(-1). Suppose -3*y = -y - p. Suppose -y = -5*q + 862. What is the units digit of q?
7
Suppose -19*g = 91*g - 5857720. What is the ten thousands digit of g?
5
Suppose -3*x - 3 = 0, -t - 4*x = -0*t + 235. Suppose -5*o + 2*l - 1951 = 0, -5*l - 365 - 427 = 2*o. Let d = t - o. What is the hundreds digit of d?
1
Let q(m) = 3*m - 22. Let f be q(7). Let b(z) = -307*z - 3. Let a be b(f). Suppose 6*u - 134 = a. What is the units digit of u?
3
Let i(b) be the first derivative of b**3/3 - 5*b**2 + 16*b + 14. Let c be i(7). Let n = c + 63. What is the units digit of n?
8
Suppose 8 = 4*z, -2*n + 11*z + 7070 = 9*z. What is the thousands digit of n?
3
Suppose 9*h = -3*h + 51240. Suppose -5*k + 4*w + h = 0, 12*k - 8*k + 3*w - 3447 = 0. What is the tens digit of k?
5
Suppose -144 = 2*p + 10*p. Let g(l) = 3*l**2 - 17*l - 22. What is the units digit of g(p)?
4
What is the units digit of (2/(8/49633))/(5 + -6)*-4?
3
Suppose 550 = -17*b + 22*b. Suppose 5*h = 2*g - 180, -2*g + 70 = 4*h - b. What is the tens digit of g?
9
Suppose -14*o + 17*o - 4*w = 37162, -4*o + 49570 = 5*w. What is the hundreds digit of o?
3
Let o = -1111 - -1135. Suppose 0 = 5*m - 2*j - 17 - 143, m - 2*j = 40. Let a = m - o. What is the units digit of a?
6
Let r(q) = -q + 3. Let w be r(-9). Suppose 1523 = 3*k + 13*s - w*s, -3*k = 4*s - 1511. What is the hundreds digit of k?
5
Suppose 2*d + 505 = -q, 5*q - 3*d + 2644 - 119 = 0. Let w = -202 - q. What is the hundreds digit of w?
3
Suppose -7*p - 1154 + 1105 = 0. What is the units digit of 9 + (p - 8) - -1029?
3
Suppose -3*o - 5*y = 19, 2*y + 3*y = -o - 23. Suppose v + 20 = -4*v, 0 = o*g - 3*v - 56. Suppose -588 = -26*t + g*t. What is the units digit of t?
7
Let q(y) = -y**2 + 150*y + 260. What is the tens digit of q(44)?
2
Suppose 10 = 12*u - 7*u. Suppose -u*q - 21 = -5. What is the units digit of (-354)/q + (-3)/12?
4
Let u(r) = -r**2 - 20*r - 9. Let h = -19 + -2. Let w be u(h). What is the tens digit of 6*(-3)/(w/235)?
4
Let s = -747 - -524. Let y = 654 + s. What is the hundreds digit of y?
4
Let j(z) = -35*z**3 - z - 2. Let l be j(-2). Let x = l + -249. What is the tens digit of x?
3
Let j = -93 - -131. Let g(f) = f**3 - 8*f**2 + 3*f - 4. Let m be g(7). Let y = j - m. What is the units digit of y?
0
What is the hundreds digit of ((-17)/(-680)*16)/((-6788)/6790 + 1)?
3
Suppose -5*g - 43 + 63 = 0, 12948 = 4*y - 5*g. What is the thousands digit of y?
3
Let a = 5 + -1. Let y be -1 + ((-10722)/(-8) - (-21)/28). What is the units digit of (-3)/a - (-1 + y/(-16))?
4
Let h = -351 + 417. What is the thousands digit of 1005 - (129/33 - (-6)/h)?
1
Let j be (-28)/6*3/(-2). Let t = 12 - j. Suppose -t*k = 3*p - 213 - 165, -74 = -k - p. What is the tens digit of k?
7
Suppose 4 = -4*m - r + 5*r, 0 = -4*r + 20. Suppose -148 = -3*k - 20*c + 18*c, -m*c = -4*k + 184. What is the tens digit of k?
4
Let k(d) = -7*d - 4. Let t be k(-2). Let p(a) = -28*a. Let r(s) = -3*s. Let g(b) = -4*p(b) + 35*r(b). What is the tens digit of g(t)?
7
What is the tens digit of -2 - 5 - -12 - 5 - -2413?
1
Suppose -2*v + 7*v = -20, -3*w = 5*v + 23. What is the tens digit of (1127 - w)*(-1)/(-3)?
7
Let q(k) = 2*k + 12. Suppose 10 = -2*z - 2. Let d be q(z). Suppose -11*v - 4*v + 1200 = d. What is the units digit of v?
0
What is the units digit of (-3 + 5961)/(20/30)?
7
Let w = -564 - -3306. What is the hundreds digit of w?
7
What is the hundreds digit of (-10)/(-14) + 51151878/3213?
9
Suppose -570 = 5*n - 4*y + 726, -3*n - 4*y = 784. Let r = n - -716. What is the tens digit of r?
5
Suppose 46873 + 7904 = -20*p + 368797. What is the hundreds digit of p?
7
Let a = 175 - 100. Suppose 0 = -5*x - 7*r + 2*r + a, 3*x + 5*r - 45 = 0. Let o = x + -7. What is the units digit of o?
8
Let x(v) = -5349*v**3 + 3*v**2 - 32*v - 76. What is the ten thousands digit of x(-2)?
4
Let w = 26493 + -16917. What is the hundreds digit of (2*(-3)/12)/((-7)/w)?
6
Suppose -1024*x - 198 = -1026*x + 432. What is the hundreds digit of x?
3
Suppose 4*j - 1 = 3*y - 0, -2*j + 3 = -y. Suppose -272 = -d - y*o + 512, 0 = 5*d + 2*o - 3828. What is the units digit of d?
4
Let x(r) = 13*r + 5 - 32*r + r**2 - 4. Let j be x(19). Suppose 6*p - j = 185. What is the tens digit of p?
3
Let g(j) = -133*j - 16. Suppose 0 = 9*h - 7*h - 3*w + 15, 0 = 4*h + w + 65. What is the hundreds digit of g(h)?
9
Let z(v) = -v**3 - 2*v**2 + 12*v + 3. Let r be z(-5). Let u be r/12*194/(-3). Let p = u + 171. What is the units digit of p?
4
Let x = 133514 + -81032. What is the units digit of x?
2
Let g(p) = 3*p - 12. Let d be g(4). Let h be 32/8 + d + -3. What is the tens digit of -932*(0 + h/(-4))?
3
Let b(r) = 11*r + 38. Let d be b(-7). Suppose -4*n + 200 + 188 = 0. Let p = d + n. What is the tens digit of p?
5
Let z(l) = -17 - 12 - 29*l**2 + 28*l**2 - 18*l. Suppose 0*a - 5*a = 2*f + 18, 2*f + 2*a + 24 = 0. What is the tens digit of z(f)?
2
Suppose 3*t + 15 = 0, 5*b + 17*t = 14*t + 96845. What is the hundreds digit of b?
3
Let w be 24707/11 + 2/(-22). Suppose w - 11921 = -25*x. What is the hundreds digit of x?
3
Suppose -274*m - 32*m + 19699362 = 0. What is the units digit of m?
7
Suppose -4*n - 31722 = -y, 2*y + 88*n = 85*n + 63400. What is the units digit of y?
6
Let u be 1/(-3) + 1/(3/4675). Suppose -8814 + u = -8*j. Suppose -4*n + j = 211. What is the hundreds digit of n?
1
Let w = -26 - -41. Let v = 20 - w. Suppose 2*q - 140 - 91 = -v*r, -r = 5*q - 37. What is the tens digit of r?
4
Let u = 34828 + -19856. What is the tens digit of u?
7
Let v(u) = u**3 + 11*u**2 - 15*u + 6. Let p be v(10). Suppose 5*f = 11*f - p. What is the units digit of f?
6
Let z = 26 + -22. Suppose z*m - 753 = m. What is the tens digit of m?
5
Suppose -2*w + 7 = -2*o - w, 2*w = -3*o + 7. Let m(n) = -39*n**3 - 125*n**3 - 2*n**2 + 3 - 5*n + 7*n. What is the hundreds digit of m(o)?
1
Suppose -8*o + 99 + 109 = 0. Let u = o - 19. Suppose -2*l + u*l - 190 = 0. What is the tens digit of l?
3
Suppose -25048 = 34*k - 3*k. What is the units digit of (-108)/(-24)*k/(-3)?
2
Suppose -3*c = 4*o - 120756, -7444*c = -7448*c + 5*o + 161008. What is the tens digit of c?
5
Let m be (-23 - -23) + (6 - 1). Suppose -4*a + 4369 = m*i, 0*i + 4*i + a = 3493. What is the units digit of (i/(-27))/(3/(-9))?
7
Let z = 2182 - 1264. Let k = -579 + z. Suppose 4*c - b - k = 0, 0*b - 254 = -3*c + b. What is the tens digit of c?
8
Let q = -1793 + 2054. What is the units digit of q?
1
Let r(d) = -2*d**3 + 24*d**2 - 4*d - 1. Let w(n) = -2*n - 2*n**3 - 3*n + 3*n + n**3 + 12*n**2. Let p(c) = 6*r(c) - 13*w(c). What is the tens digit of p(13)?
8
Let f(l) = 5910*l - 6950. What is the thousands digit of f(4)?
6
Suppose -7*a + 23671 = -1186. Suppose 9*v = a + 1318. What is the hundreds digit of v?
5
Suppose -50 = 8*g - 13*g. L